[INFO] cloning repository https://github.com/valarauca/bratwurst
[INFO] running `Command { std: "git" "-c" "credential.helper=" "-c" "credential.helper=/workspace/cargo-home/bin/git-credential-null" "clone" "--bare" "https://github.com/valarauca/bratwurst" "/workspace/cache/git-repos/https%3A%2F%2Fgithub.com%2Fvalarauca%2Fbratwurst", kill_on_drop: false }`
[INFO] [stderr] Cloning into bare repository '/workspace/cache/git-repos/https%3A%2F%2Fgithub.com%2Fvalarauca%2Fbratwurst'...
[INFO] running `Command { std: "git" "rev-parse" "HEAD", kill_on_drop: false }`
[INFO] [stdout] d5a76c1c8137da5930bd93ae7b6e06a32428c44a
[INFO] checking valarauca/bratwurst against try#72f88fc4e9458f89516a0b8b0868f3718aec5b47 for pr-74989
[INFO] running `Command { std: "git" "clone" "/workspace/cache/git-repos/https%3A%2F%2Fgithub.com%2Fvalarauca%2Fbratwurst" "/workspace/builds/worker-1/source", kill_on_drop: false }`
[INFO] [stderr] Cloning into '/workspace/builds/worker-1/source'...
[INFO] [stderr] done.
[INFO] validating manifest of git repo https://github.com/valarauca/bratwurst on toolchain 72f88fc4e9458f89516a0b8b0868f3718aec5b47
[INFO] running `Command { std: "/workspace/cargo-home/bin/cargo" "+72f88fc4e9458f89516a0b8b0868f3718aec5b47" "read-manifest" "--manifest-path" "Cargo.toml", kill_on_drop: false }`
[INFO] started tweaking git repo https://github.com/valarauca/bratwurst
[INFO] removed path dependency brotli2 from git repo https://github.com/valarauca/bratwurst
[INFO] finished tweaking git repo https://github.com/valarauca/bratwurst
[INFO] tweaked toml for git repo https://github.com/valarauca/bratwurst written to /workspace/builds/worker-1/source/Cargo.toml
[INFO] crate git repo https://github.com/valarauca/bratwurst already has a lockfile, it will not be regenerated
[INFO] running `Command { std: "/workspace/cargo-home/bin/cargo" "+72f88fc4e9458f89516a0b8b0868f3718aec5b47" "fetch" "--locked" "--manifest-path" "Cargo.toml", kill_on_drop: false }`
[INFO] [stderr] warning: dependency (brotli2) specified without providing a local path, Git repository, or version to use. This will be considered an error in future versions
[INFO] [stderr]     Updating crates.io index
[INFO] [stderr] error: the lock file /workspace/builds/worker-1/source/Cargo.lock needs to be updated but --locked was passed to prevent this
[INFO] [stderr] If you want to try to generate the lock file without accessing the network, use the --offline flag.
[INFO] the lockfile is outdated, regenerating it
[INFO] running `Command { std: "/workspace/cargo-home/bin/cargo" "+72f88fc4e9458f89516a0b8b0868f3718aec5b47" "generate-lockfile" "--manifest-path" "Cargo.toml" "-Zno-index-update", kill_on_drop: false }`
[INFO] running `Command { std: "/workspace/cargo-home/bin/cargo" "+72f88fc4e9458f89516a0b8b0868f3718aec5b47" "fetch" "--locked" "--manifest-path" "Cargo.toml", kill_on_drop: false }`
[INFO] [stderr] warning: dependency (brotli2) specified without providing a local path, Git repository, or version to use. This will be considered an error in future versions
[INFO] [stderr]     Blocking waiting for file lock on package cache
[INFO] running `Command { std: "docker" "create" "-v" "/var/lib/crater-agent-workspace/builds/worker-1/target:/opt/rustwide/target:rw,Z" "-v" "/var/lib/crater-agent-workspace/builds/worker-1/source:/opt/rustwide/workdir:ro,Z" "-v" "/var/lib/crater-agent-workspace/cargo-home:/opt/rustwide/cargo-home:ro,Z" "-v" "/var/lib/crater-agent-workspace/rustup-home:/opt/rustwide/rustup-home:ro,Z" "-e" "SOURCE_DIR=/opt/rustwide/workdir" "-e" "CARGO_TARGET_DIR=/opt/rustwide/target" "-e" "CARGO_HOME=/opt/rustwide/cargo-home" "-e" "RUSTUP_HOME=/opt/rustwide/rustup-home" "-w" "/opt/rustwide/workdir" "-m" "1610612736" "--user" "0:0" "--network" "none" "rustops/crates-build-env@sha256:d92eaeed33fa75130ca1ee6c8a01d1ffb62bac859dfdfb3450e3e5d1c0146529" "/opt/rustwide/cargo-home/bin/cargo" "+72f88fc4e9458f89516a0b8b0868f3718aec5b47" "metadata" "--no-deps" "--format-version=1", kill_on_drop: false }`
[INFO] [stdout] 850cf8edc00670f829c6d64d0b3833b87619072a3b79d62e2ddf404e2f978775
[INFO] [stderr] WARNING: Your kernel does not support swap limit capabilities or the cgroup is not mounted. Memory limited without swap.
[INFO] running `Command { std: "docker" "start" "-a" "850cf8edc00670f829c6d64d0b3833b87619072a3b79d62e2ddf404e2f978775", kill_on_drop: false }`
[INFO] running `Command { std: "docker" "inspect" "850cf8edc00670f829c6d64d0b3833b87619072a3b79d62e2ddf404e2f978775", kill_on_drop: false }`
[INFO] running `Command { std: "docker" "rm" "-f" "850cf8edc00670f829c6d64d0b3833b87619072a3b79d62e2ddf404e2f978775", kill_on_drop: false }`
[INFO] [stdout] 850cf8edc00670f829c6d64d0b3833b87619072a3b79d62e2ddf404e2f978775
[INFO] running `Command { std: "docker" "create" "-v" "/var/lib/crater-agent-workspace/builds/worker-1/target:/opt/rustwide/target:rw,Z" "-v" "/var/lib/crater-agent-workspace/builds/worker-1/source:/opt/rustwide/workdir:ro,Z" "-v" "/var/lib/crater-agent-workspace/cargo-home:/opt/rustwide/cargo-home:ro,Z" "-v" "/var/lib/crater-agent-workspace/rustup-home:/opt/rustwide/rustup-home:ro,Z" "-e" "SOURCE_DIR=/opt/rustwide/workdir" "-e" "CARGO_TARGET_DIR=/opt/rustwide/target" "-e" "CARGO_INCREMENTAL=0" "-e" "RUST_BACKTRACE=full" "-e" "RUSTFLAGS=--cap-lints=forbid" "-e" "CARGO_HOME=/opt/rustwide/cargo-home" "-e" "RUSTUP_HOME=/opt/rustwide/rustup-home" "-w" "/opt/rustwide/workdir" "-m" "1610612736" "--user" "0:0" "--network" "none" "rustops/crates-build-env@sha256:d92eaeed33fa75130ca1ee6c8a01d1ffb62bac859dfdfb3450e3e5d1c0146529" "/opt/rustwide/cargo-home/bin/cargo" "+72f88fc4e9458f89516a0b8b0868f3718aec5b47" "check" "--frozen" "--all" "--all-targets" "--message-format=json", kill_on_drop: false }`
[INFO] [stdout] 5f7da8709de5c511e83fe104b25be69228c41b824a47550002b43c0afe9e9cb5
[INFO] [stderr] WARNING: Your kernel does not support swap limit capabilities or the cgroup is not mounted. Memory limited without swap.
[INFO] running `Command { std: "docker" "start" "-a" "5f7da8709de5c511e83fe104b25be69228c41b824a47550002b43c0afe9e9cb5", kill_on_drop: false }`
[INFO] [stderr] warning: dependency (brotli2) specified without providing a local path, Git repository, or version to use. This will be considered an error in future versions
[INFO] [stderr]    Compiling libc v0.2.77
[INFO] [stderr]    Compiling cc v1.0.59
[INFO] [stderr]     Checking ansi_term v0.11.0
[INFO] [stderr]     Checking strsim v0.8.0
[INFO] [stderr]    Compiling brotli-sys v0.3.2
[INFO] [stderr]     Checking atty v0.2.14
[INFO] [stderr]     Checking clap v2.33.3
[INFO] [stderr]     Checking brotli2 v0.3.2
[INFO] [stderr]     Checking bratwurst v0.1.0 (/opt/rustwide/workdir)
[INFO] [stdout] error[E0432]: unresolved import `brotli2::stream`
[INFO] [stdout]  --> src/main.rs:4:18
[INFO] [stdout]   |
[INFO] [stdout] 4 | pub use brotli2::stream::CompressMode;
[INFO] [stdout]   |                  ^^^^^^ could not find `stream` in `brotli2`
[INFO] [stdout] 
[INFO] [stdout] 
[INFO] [stdout] error[E0432]: unresolved import `super::brotli2::stream`
[INFO] [stdout]  --> src/cli.rs:7:21
[INFO] [stdout]   |
[INFO] [stdout] 7 | use super::brotli2::stream::{
[INFO] [stdout]   |                     ^^^^^^ could not find `stream` in `brotli2`
[INFO] [stdout] 
[INFO] [stdout] 
[INFO] [stdout] error[E0432]: unresolved import `super::brotli2::stream`
[INFO] [stdout]   --> src/inout.rs:20:21
[INFO] [stdout]    |
[INFO] [stdout] 20 | use super::brotli2::stream::{
[INFO] [stdout]    |                     ^^^^^^ could not find `stream` in `brotli2`
[INFO] [stdout] 
[INFO] [stdout] 
[INFO] [stdout] warning: unused import: `std::path::Path`
[INFO] [stdout]   --> src/inout.rs:16:5
[INFO] [stdout]    |
[INFO] [stdout] 16 | use std::path::Path;
[INFO] [stdout]    |     ^^^^^^^^^^^^^^^
[INFO] [stdout]    |
[INFO] [stdout]    = note: `#[warn(unused_imports)]` on by default
[INFO] [stdout] 
[INFO] [stdout] 
[INFO] [stdout] warning: unused import: `std::mem`
[INFO] [stdout]   --> src/inout.rs:18:5
[INFO] [stdout]    |
[INFO] [stdout] 18 | use std::mem;
[INFO] [stdout]    |     ^^^^^^^^
[INFO] [stdout] 
[INFO] [stdout] 
[INFO] [stdout] error[E0432]: unresolved import `brotli2::stream`
[INFO] [stdout]  --> src/main.rs:4:18
[INFO] [stdout]   |
[INFO] [stdout] 4 | pub use brotli2::stream::CompressMode;
[INFO] [stdout]   |                  ^^^^^^ could not find `stream` in `brotli2`
[INFO] [stdout] 
[INFO] [stdout] 
[INFO] [stdout] error[E0432]: unresolved import `super::brotli2::stream`
[INFO] [stdout]  --> src/cli.rs:7:21
[INFO] [stdout]   |
[INFO] [stdout] 7 | use super::brotli2::stream::{
[INFO] [stdout]   |                     ^^^^^^ could not find `stream` in `brotli2`
[INFO] [stdout] 
[INFO] [stdout] 
[INFO] [stdout] error[E0432]: unresolved import `super::brotli2::stream`
[INFO] [stdout]   --> src/inout.rs:20:21
[INFO] [stdout]    |
[INFO] [stdout] 20 | use super::brotli2::stream::{
[INFO] [stdout]    |                     ^^^^^^ could not find `stream` in `brotli2`
[INFO] [stdout] 
[INFO] [stdout] 
[INFO] [stdout] warning: unused import: `std::path::Path`
[INFO] [stdout]   --> src/inout.rs:16:5
[INFO] [stdout]    |
[INFO] [stdout] 16 | use std::path::Path;
[INFO] [stdout]    |     ^^^^^^^^^^^^^^^
[INFO] [stdout]    |
[INFO] [stdout]    = note: `#[warn(unused_imports)]` on by default
[INFO] [stdout] 
[INFO] [stdout] 
[INFO] [stdout] warning: unused import: `std::mem`
[INFO] [stdout]   --> src/inout.rs:18:5
[INFO] [stdout]    |
[INFO] [stdout] 18 | use std::mem;
[INFO] [stdout]    |     ^^^^^^^^
[INFO] [stdout] 
[INFO] [stdout] 
[INFO] [stdout] error: aborting due to 3 previous errors; 2 warnings emitted
[INFO] [stdout] 
[INFO] [stdout] 
[INFO] [stdout] For more information about this error, try `rustc --explain E0432`.
[INFO] [stdout] 
[INFO] [stderr] error: could not compile `bratwurst`.
[INFO] [stderr] 
[INFO] [stderr] To learn more, run the command again with --verbose.
[INFO] [stderr] warning: build failed, waiting for other jobs to finish...
[INFO] [stdout] error: aborting due to 3 previous errors; 2 warnings emitted
[INFO] [stdout] 
[INFO] [stdout] 
[INFO] [stdout] For more information about this error, try `rustc --explain E0432`.
[INFO] [stdout] 
[INFO] [stderr] error: build failed
[INFO] running `Command { std: "docker" "inspect" "5f7da8709de5c511e83fe104b25be69228c41b824a47550002b43c0afe9e9cb5", kill_on_drop: false }`
[INFO] running `Command { std: "docker" "rm" "-f" "5f7da8709de5c511e83fe104b25be69228c41b824a47550002b43c0afe9e9cb5", kill_on_drop: false }`
[INFO] [stdout] 5f7da8709de5c511e83fe104b25be69228c41b824a47550002b43c0afe9e9cb5
